e of v**4/12 - 17*v**3/6 - 7*v**2 - 99*v. Let r be d(18). Let h(o) = o**3 - 4*o**2 - 2. Give h(r).
-2
Let b(p) be the first derivative of p**3/3 + 3*p**2 + 10*p - 18. Let k be b(-4). Let d(t) = 0*t + t - 2 - k. Determine d(8).
4
Let l = 278 + -274. Suppose 8 = 2*x + 3*d, -2*x = 5*d - 12 + l. Let n(h) = h + 1. Give n(x).
5
Let z(k) = k**3 - 5*k**2 + 6*k. Let a = 192 + -318. Let p be a/(-35) - (-6)/15. Give z(p).
8
Let p(a) = 45*a**3 - 363*a**2 + 23*a + 10. Let t be p(8). Let y(f) = 7*f**3 + f**2 - 10*f + 4. Determine y(t).
44
Let q = -564 + 568. Suppose 5*o + 50 = -5*z, -7*z = q*o - 2*z + 45. Let u(g) = -g**3 - 4*g**2 + 4*g + 4. Determine u(o).
9
Let b(n) = -4342*n - 4334*n - 26 + 8677*n. Give b(8).
-18
Let p(r) = -r**3 - 5*r**2 - 4*r + 1. Let b(f) = 8*f**2 - 4*f. Let u be b(2). Suppose -5*o = t, 5*t - 6*o + 7*o + u = 0. What is p(t)?
21
Let r be ((-285)/(-10))/((-3)/(-2)). Let d(i) = -10 + 11*i**2 + 13 - r*i**2 + 2*i + 7*i**2. What is d(4)?
-5
Let a(m) be the second derivative of 7*m**4/12 + m**3/6 + 45*m + 2. Let f(q) = -q + 13. Let d be f(10). Suppose 4*n - 17 = d*h, n = -0*h + 5*h. Determine a(h).
8
Suppose 3*q + a - 8 = 0, 8 = 8*q - 9*q - 3*a. Let g be 1/(1*(-3)/54). Let b be (-5)/q - g/72. Let k(c) = 16*c**2 + 1. What is k(b)?
17
Let o = 31 + -32. Let m be (5*(1 - (-4)/(-10)))/o. Let i(y) = 0*y + 6*y + y**2 - 4 + 0*y**2 + 0. Give i(m).
-13
Let s(g) = -5*g**3 - 6*g**2 - g - 3. Let r(d) be the first derivative of 7*d**4/4 + 2*d**3 + d**2 + 2*d + 212. Let f(z) = -2*r(z) - 3*s(z). Calculate f(-5).
35
Let o(l) = -3*l**2 - 1. Suppose 0 = -2*s + 5*s + 63. Let k = 23 + s. Let t(x) = -x**2 + 4*x - 3. Let r be t(k). Give o(r).
-4
Let c(g) = -g**2 + 98*g + 4. Let o(j) = -3*j**2 + 311*j + 13. Let p(a) = 19*c(a) - 6*o(a). Calculate p(5).
-47
Let n be (50/60*3)/((-1)/(-2)). Suppose 3*j + n*j = -8*j. Let p(i) = -i**3 + i**2 + i + 22. Calculate p(j).
22
Let k(o) = o**3 - 15*o**2 + 57*o - 10. Suppose 21*b + 37 - 96 - 88 = 0. What is k(b)?
-3
Let x(o) = -o**2 - 5*o + 10. Let w = 41 - 38. Suppose 0 = -w*d - 6, u + 1 = d - 0*d. Let t be 1*u - (-52)/(-13). What is x(t)?
-4
Let m = 48 - 38. Suppose -m*z = 4*z - 168. Suppose 7*t - 1 = 8*t + k, 0 = 4*k - z. Let u(i) = -i**3 - 7*i**2 - 7*i - 4. Determine u(t).
-24
Let a(n) = 9*n + 104. Let y be 33*((-14)/(-154) - (-56)/(-132)). Determine a(y).
5
Let s(o) be the first derivative of o**3/3 - 3*o**2/2 - 2*o - 1196. Let m = -3 + 1. What is s(m)?
8
Let w = 22 - 5. Let j = w - 15. Let p(b) = 6*b**3 - 5*b**3 - 3*b**3 + 1 + j*b**2. Give p(2).
-7
Let s be (-105)/(-15)*22/77. Let z(o) be the first derivative of 5/2*o**4 + 0*o**s - 1/3*o**3 - 12 + 0*o. Determine z(1).
9
Let j(d) = 14*d + 5. Let a(n) = 5*n + 1. Let l be 24*2/18*(-10 + 13). Let o(u) = l*a(u) - 3*j(u). Give o(-3).
-1
Suppose 0 = 5*t - 5*b + b + 258, 0 = b + 3. Let o = 56 + t. Let p(a) = 9*a + 4 + 2 - 5*a - o*a. Determine p(-4).
-2
Let l(g) = 3*g**3 + g - 1. Let s(d) = d**3 + 6*d**2 + 12*d + 41. Let t be s(-5). Suppose -3*a + 24*o = 27*o - t, 9 = 4*a + 5*o. Give l(a).
3
Let d = 3542 - 3504. Suppose -n = 2*c - 94, 0 = n - 3*c - 61 - 13. Let l(b) = n - 41 - b - d. What is l(0)?
7
Let l(h) = h**3 + 7*h**2 - 2*h + 12. Let f be l(-7). Suppose 45 + 51 = -4*m. Let c = m + f. Let r(q) = -q**2 - 2*q. Calculate r(c).
-8
Let a(n) = 4*n**2 + 2*n - 15. Let l(t) = 15*t**2 + 6*t - 55. Let r(y) = 11*a(y) - 3*l(y). Let b(h) = h**3 + 6*h**2 - 7*h + 4. Let q be b(-7). What is r(q)?
0
Let n(k) = 4*k - 31*k + 19*k - 15 + 12*k. Give n(2).
-7
Let w = -16343 + 16329. Let h(j) = j**3 + 12*j**2 - 27*j + 16. Determine h(w).
2
Suppose -5*b = 4*j - 3*j + 25, -2*b + 5*j - 10 = 0. Let m be 6/3 + 1 + b + 9. Let f(i) = i - 15. Calculate f(m).
-8
Suppose -2*p = 3*p - 230. Let x = p - 39. Suppose 8*o = -47 + x. Let s(r) = r**2 + 6*r + 3. What is s(o)?
-2
Let p = -4609 + 4607. Let t(u) = -44*u - 4. What is t(p)?
84
Let v(z) = -17*z - 132. Suppose 37*x + 28*x + 147 = 44*x. Give v(x).
-13
Let k(x) be the third derivative of x**6/120 - 2*x**5/15 - x**4/8 - x**3/3 + x**2. Suppose -18*n + 373 - 229 = 0. What is k(n)?
-26
Suppose -8*s - 9*s = -17 - 17. Let r(q) = 5*q**3 + 3*q**2 - 3*q + 3. Give r(s).
49
Let p be (0 - (-4)/26) + (-648)/(-351). Let h(u) = -p*u + u - 4 + 2 + 15. Calculate h(7).
6
Let k(f) = -f**2 + 4*f - 1. Let g(v) = 4*v. Let p(d) = -15*d + 228. Let y be p(15). Let h(w) = y*k(w) - 2*g(w). Determine h(3).
-18
Let q(x) = -x + 11. Suppose -f - 4*f - 49 = -4*n, -27 = 3*f - 3*n. Let b = f + 23. Calculate q(b).
1
Suppose 0 = 2*t + 5*m - m + 8, 0 = -4*m - 16. Suppose -54 + 30 = -t*c. Let x(d) = c*d - d**2 - 7 + 4 - 6*d. Determine x(0).
-3
Let x(a) = a**3 + 14*a**2 + 16*a + 34. Let h be 124/(-10) - (-9)/(-15). Let l be x(h). Let t(d) = -2*d**2 - 2*d + 6. Give t(l).
-34
Let c(w) = -42*w + 2. Let t be c(-1). Let z(o) = 10 - t + 15 + 10*o - 2*o**2 + 13. Determine z(6).
-18
Let m(y) be the first derivative of y**5/20 + y**4/24 + 4*y**3/3 + 7*y**2/2 - 88. Let h(n) be the third derivative of m(n). Give h(1).
7
Let x(t) = t**3 + 3*t**2 - 4*t + 4. Let z(i) = i + 6. Let q be z(-4). Suppose -3*o + 5*l = -55, -q*l - 3*l = -o + 35. Let m = 6 - o. What is x(m)?
4
Let h(q) = -q**2. Suppose 0 = 3*m - 2*m - 2*p + 14, 3*m = -5*p + 13. Let t be -6*(-1 - (290/m)/5). Let x be (-387)/t - 6/(-27). What is h(x)?
-25
Let s = 15479 + -15454. Let q(h) = h**2 - 23*h - 57. What is q(s)?
-7
Let u(z) = 2*z**2 + 16*z + 9. Let w = 4395 - 4406. Calculate u(w).
75
Let s(w) = w**3 + 6*w**2 + 2*w + 3. Let t(v) = 2*v**2 + 15*v - 21. Let j(q) = q**2. Let d(i) = 3*j(i) - t(i). Let m be d(2). Give s(m).
18
Let v = 24371 - 24366. Let d(o) = -o - 7. Let k(y) = -5*y - 28. Let w(m) = -9*d(m) + 2*k(m). What is w(v)?
2
Let b(o) be the first derivative of 1/2*o**2 + 5*o + 122. What is b(-6)?
-1
Let f(h) = 3*h**3 - 32*h**2 - 57*h + 47. Let i(l) = -l**3 + 16*l**2 + 28*l - 25. Let c(b) = -2*f(b) - 5*i(b). What is c(-14)?
3
Let m(a) be the second derivative of -7*a + 0 - a**2 + 1/2*a**3. Let w = -84 + 81. What is m(w)?
-11
Let g = 35 + 50. Let c = g + -61. Suppose -24*u + 27*u - c = 0. Let a(y) = -y**2 + 8*y - 5. Give a(u).
-5
Let b(u) = u**2 - 7807 + 15607 - 4*u - 7807 + u**3 + 3*u. Calculate b(-2).
-9
Let t(n) = n**3 - 6*n**2 - 8*n + 3. Let j = 191 - 72. Let i = j + -70. Suppose -8*s + i = -s. Calculate t(s).
-4
Suppose -4*k = 5*p - 2 - 86, 0 = -2*k - 6. Let n(u) = -u**2 + 16*u + 48. Calculate n(p).
-32
Let y(l) = -3*l**3 + 45*l**2 - 42*l - 6. Let q be y(14). Let u(d) = -d**3 - 7*d**2 - 6*d - 6. Determine u(q).
-6
Let h be 100/(-50) + (0 + -5)/(-1). Suppose h*j = 2*j + 66. Let m(v) = 58*v - 1 + 2 - j*v. Calculate m(1).
-7
Let v = -23 + 25. Let r(h) = 1 - 25*h**3 + 2*h**2 + 24*h**3 - h + 0*h**v + 4*h**2. Give r(5).
21
Let x be (4/(-6))/(2/(-9)). Let t(a) be the second derivative of a**5/30 + a**3/6 - 63*a**2 + a - 47. Let w(h) be the first derivative of t(h). Give w(x).
19
Suppose -303 = 2*w - 299. Let h(k) = 8*k + 4. Give h(w).
-12
Suppose -55 + 25 + 62 = 16*u. Let v(i) = -i**2 + 5*i - 12. What is v(u)?
-6
Let k(n) = -4*n**2 + 70*n + 627. Let o be k(24). Let s(c) = c**2 - 3*c - 4. What is s(o)?
-4
Let r = 8 - 5. Let w(v) be the first derivative of v**3/6 - v**2/2 - 65*v - 61. Let n(d) be the first derivative of w(d). What is n(r)?
2
Let f(z) = -2*z**2 - 4*z - 2. Suppose -i = -k + 13, 4*k + 3*i - 11 = 27. Suppose 12*q = k*q + 23. Let g = q - 26. What is f(g)?
-8
Let w(q) = q**2 - 8*q - 10. Suppose -5*o = -3*f - 4*o + 120, -4*f = 3*o - 160. Suppose -f = -4*x - 2*k, 4*k + 10 = -x + 34. Determine w(x).
-10
Let r(s) = 0 + s + 3 - 2*s - 3 - 7 - s**2. Give r(-4).
-19
Let p(h) = -h**2 - 20*h - 68. Let z = -3577 + 3572. Calculate p(z).
7
Let t(g) be the first derivative of g**4/4 - 2*g**3/3 + g**2/2 - 7*g - 3034. Give t(3).
5
Let y be 4/(16/(-9))*20. Let z = y - -104. Let s(o) = -o + 24 + o**2 - z + 21 + 20. Determine s(0).
6
Suppose -5*d - 23*p + 23 = -20*p, 8 = d + 4*p. Let h(x) = 2*x - 5. Let z be h(4). Let b(k) = z*k + 0*k - d*k - 2 + 2*k. What is b(8)?
6
Let s(b) = b**2 - 3*b + 1. Let h be -2 + (-11)/(-4) - 3879/36. Let f = 261 + h. Let t = 157 - f. Calculate s(t).
1
Let p(b) be the first derivative of -28 - 1/3*b**3 - 3/2*b**2 - 5*b. Let h(u) = -u**3 - 6*u**2 + 8*u + 3. Let q be h(-7). Calculate p(q).
-9
Let w(i) be the first derivative of -